(5).
62
Let z(r) = -8*r**3 + 106*r**2 - 14*r - 117. Calculate z(13).
39
Let d(v) = 2*v**2 - 385*v - 2374. What is d(-6)?
8
Let i(v) = v**2 - 14*v - 221. Give i(26).
91
Let l(d) = d**2 + 47*d - 118. Give l(2).
-20
Let a(g) = g**3 - 24*g**2 + 130*g + 73. Calculate a(15).
-2
Let a(w) = -5560*w - 5570. What is a(-1)?
-10
Let y(d) = -d**2 + 7*d + 27. Calculate y(10).
-3
Let q(b) = 13*b**2 + 1002*b - 3027. Determine q(3).
96
Let s(t) = 2*t**2 + 25*t - 1358. What is s(20)?
-58
Let m(l) = l**2 - 224*l - 1588. What is m(-7)?
29
Let t(p) = 153*p + 1386. Give t(-9).
9
Let t(g) = -g**3 - g**2 + 6*g + 2. Determine t(-4).
26
Let x(f) = -3*f**3 - 173*f**2 + 79*f + 1216. Give x(-58).
-2
Let y(r) = 30*r + 149. What is y(-8)?
-91
Let a(c) = 2*c**2 + 192*c - 401. Calculate a(2).
-9
Let n(m) = 76*m - 10307. Give n(136).
29
Let h(p) = -3*p**2 - 315*p + 372. Give h(-106).
54
Let t(g) = 16*g + 1352. Calculate t(-87).
-40
Let k(x) = -115*x**3 - 3*x**2 + 39*x - 77. Give k(2).
-931
Let o(z) = -11*z + 2. Determine o(7).
-75
Let k(c) = c**2 + 18*c + 56. Give k(-14).
0
Let o(x) = -x**3 - 46*x**2 - 103*x - 4733. Determine o(-46).
5
Let z(h) = -h**2 - 1962*h + 9840. Give z(5).
5
Let m(h) = h**3 - 3*h**2 + 4*h - 27. What is m(0)?
-27
Let n(x) = 26*x + 1200. Determine n(-47).
-22
Let b(h) = 21*h**3 + 19*h**2 + 3*h + 4. Give b(-2).
-94
Let w(v) = -21*v**2 + 192*v - 304. Calculate w(7).
11
Let j(v) = -13*v - 149. What is j(-11)?
-6
Let o(n) = 1114*n + 12256. Determine o(-11).
2
Let n(c) = 16*c**2 - 183*c + 300. What is n(9)?
-51
Let s(l) = -l**3 - 100*l**2 + 526*l + 147. Calculate s(-105).
42
Let d(v) = -v**2 - 11*v - 36. Determine d(-3).
-12
Let v(y) = -76*y + 8319. Calculate v(111).
-117
Let r(f) = -f**3 + 19*f**2 + 6*f + 165. What is r(20)?
-115
Let q(i) = -i**3 - 3*i**2 - 6*i - 15. Give q(-2).
-7
Let p(n) = 2*n**3 - 112*n**2 + 75*n + 1931. Give p(55).
6
Let p(z) = 3*z**2 + 3*z - 3. Give p(-2).
3
Let m(b) = -2*b**3 + 9*b**2 - 70*b + 190. Determine m(3).
7
Let r(m) = m**3 + 12*m**2 - 46*m - 444. Calculate r(-13).
-15
Let w(l) = 8*l**2 - 240*l + 6. Give w(30).
6
Let c(u) = -u**3 + 39*u**2 - 43*u + 200. Calculate c(38).
10
Let y(v) = -v**3 + 205*v**2 + 404*v + 2062. Calculate y(207).
-8
Let t(u) = u**2 + 23*u - 218. What is t(-25)?
-168
Let m(h) = -8*h - 160. Determine m(-30).
80
Let j(q) = 39*q - 4842. Calculate j(124).
-6
Let l(y) = -y - 23. Calculate l(0).
-23
Let x(r) = 39*r - 545. Give x(13).
-38
Let p(g) = -347*g + 437. Give p(3).
-604
Let z(v) = 14*v - 1060. What is z(65)?
-150
Let y(h) = -h**3 + 89*h**2 - 576*h - 13. Determine y(7).
-27
Let x(k) = k**3 + 35*k**2 - 29*k + 111. Determine x(-36).
-141
Let y(a) = -121*a + 265. Give y(0).
265
Let m(f) = -6*f**3 + f**2 - 11*f + 15. Give m(2).
-51
Let h(p) = -6*p**2 + 24*p + 6. What is h(2)?
30
Let j(n) = -n**3 + 15*n**2 - 210*n + 2307. Determine j(12).
219
Let q(n) = n**2 - 10*n + 27. Determine q(9).
18
Let c(i) = 7*i**2 - 511*i + 510. Determine c(1).
6
Let u(p) = -p**3 - 14*p**2 + 190*p + 2665. Determine u(-14).
5
Let q(s) = -s**3 + 15*s**2 - 16*s - 110. Give q(13).
20
Let c(d) = d**2 - 47*d + 488. Calculate c(17).
-22
Let h(l) = -275*l + 506. What is h(2)?
-44
Let h(r) = 11*r - 49. Calculate h(-31).
-390
Let y(f) = 2*f**2 - 48*f - 62. Calculate y(25).
-12
Let p(g) = -3*g**3 - 3*g**2 + 2*g + 3. Give p(3).
-99
Let b(y) = -8*y - 13. What is b(-3)?
11
Let k(o) = 309*o**3 - 2*o**2 + 4*o - 3. What is k(1)?
308
Let j(l) = 59*l - 5607. What is j(95)?
-2
Let a(c) = c**2 - 163*c + 5446. What is a(116)?
-6
Let m(f) = 12*f**3 + 169*f**2 + 16*f + 31. Calculate m(-14).
3
Let p(s) = 91*s + 538. Give p(-6).
-8
Let j(c) = c**2 + 20*c + 89. What is j(-4)?
25
Let p(f) = 15*f**2 - 511*f + 20. Calculate p(34).
-14
Let i(k) = -472*k - 27845. What is i(-59)?
3
Let i(u) = 502*u + 1375. What is i(-3)?
-131
Let s(u) = -17*u**2 + 97*u + 30. Give s(6).
0
Let t(k) = -k**3 - 85*k**2 - 652*k - 2788. Calculate t(-77).
-16
Let a(q) = -26*q**2 + 330*q - 28. Give a(13).
-132
Let a(b) = 109*b + 847. What is a(-8)?
-25
Let m(b) = b**3 + 57*b**2 + 771*b - 2. Calculate m(-35).
-37
Let j(k) = -2*k**3 + 88*k**2 + 88*k + 19. Determine j(45).
-71
Let n(w) = -26*w - 697. What is n(-27)?
5
Let o(d) = 107*d - 4816. Determine o(45).
-1
Let q(s) = -s**3 + 2*s**2 + 9*s + 25. Give q(5).
-5
Let a(y) = -40*y + 210. Calculate a(5).
10
Let x(y) = 71*y - 461. Give x(4).
-177
Let q(t) = 7*t**3 + 148*t**2 + 5*t - 92. Calculate q(-21).
244
Let x(b) = 53*b + 250. Give x(-6).
-68
Let b(z) = -z**3 - z**2 + 58*z - 14. Calculate b(7).
0
Let f(s) = -s**2 - 188*s - 8508. Determine f(-113).
-33
Let n(y) = 5*y**3 + 7*y**2 - 4*y. Determine n(-3).
-60
Let m(k) = 8*k**2 - 627*k - 401. Calculate m(79).
-6
Let t(f) = -85*f + 3159. What is t(37)?
14
Let i(z) = -46*z**2 + 3453*z - 246. Give i(75).
-21
Let a(o) = 189*o + 76. Give a(-1).
-113
Let z(b) = b**2 + 32*b + 226. Give z(-21).
-5
Let p(y) = -48*y + 202. Calculate p(3).
58
Let d(l) = -l**3 + 59*l**2 - 49*l - 560. Calculate d(58).
-38
Let v(s) = -s**2 + s - 116. Calculate v(0).
-116
Let b(l) = -7*l + 272. What is b(55)?
-113
Let d(x) = 113*x - 9003. Calculate d(79).
-76
Let a(j) = -j**3 + 10*j**2 - 34*j - 53. What is a(9)?
-278
Let u(d) = -d**2 - 44*d + 536. Determine u(-54).
-4
Let q(u) = -u**3 - 60*u**2 - 226*u + 17. Determine q(-4).
25
Let k(j) = j**2 + 12*j - 52. What is k(-22)?
168
Let m(i) = 12*i**2 + 118*i + 9. Give m(-10).
29
Let b(u) = -224*u - 6312. Calculate b(-28).
-40
Let y(s) = s**3 + 11*s**2 - 32*s - 64. Give y(-13).
14
Let z(w) = -w**3 - 13*w**2 - 23*w + 31. What is z(-10)?
-39
Let s(n) = -14*n + 61. Calculate s(4).
5
Let p(x) = -82*x - 2892. Determine p(-35).
-22
Let g(y) = -y**3 - 10*y**2 - 27*y + 20. Give g(-6).
38
Let s(t) = -191*t + 3062. What is s(16)?
6
Let a(z) = -12*z + 126. Give a(9).
18
Let s(a) = 46*a - 9023. Calculate s(196).
-7
Let l(y) = y**3 - 4*y**2 - 12*y + 18. What is l(7)?
81
Let n(m) = 95*m**2 - 2281*m + 20. Give n(24).
-4
Let i(f) = 1021*f + 18415. Determine i(-18).
37
Let f(t) = 4*t**2 + 82*t - 501. What is f(5)?
9
Let q(z) = 2*z**3 + 7*z**2 - 45*z + 24. What is q(4)?
84
Let o(g) = 11*g**2 + 81*g + 320. Give o(-4).
172
Let n(i) = -51*i**2 - 63*i + 1. Give n(-4).
-563
Let b(i) = -141*i + 1471. Determine b(10).
61
Let n(m) = -2*m**2 - 11868*m - 47453. Calculate n(-4).
-13
Let b(m) = 3*m**3 + 10*m**2 - 6*m - 23. Give b(4).
305
Let m(a) = 3*a**2 - 20*a - 47. What is m(-3)?
40
Let t(r) = 99*r - 602. Determine t(6).
-8
Let w(q) = -3*q**2 - 87*q + 872. Determine w(8).
-16
Let i(v) = v**3 - 58*v**2 - 14*v + 807. Calculate i(58).
-5
Let k(f) = -f**2 - 11*f - 4. Calculate k(-1).
6
Let r(s) = -67*s - 5962. Calculate r(-89).
1
Let m(c) = 500*c - 5499. Give m(11).
1
Let b(h) = -18*h + 454. Calculate b(25).
4
Let q(p) = -108*p**2 - 35*p + 20. Give q(1).
-123
Let r(l) = 15*l + 11. Calculate r(6).
101
Let l(i) = -i**3 + i**2 + 32*i - 20. Give l(6).
-8
Let q(a) = 1155*a - 15012. Give q(13).
3
Let x(k) = 487*k + 4515. What is x(-9)?
132
Let n(j) = -j**2 + 24*j - 18. Give n(22).
26
Let s(y) = -66*y + 1057. What is s(16)?
1
Let g(k) = -k**3 - 9*k**2 - 24*k + 4. Calculate g(0).
4
Let t(c) = c**2 - 20*c - 123. What is t(25)?
2
Let c(k) = -39*k**2 - 734*k + 81. Determine c(-19).
-52
Let q(l) = -22*l**2 + 660*l - 1. Give q(30).
-1
Let w(k) = -550*k - 674. Calculate w(-1).
-124
Let b(a) = -8*a**2 + 327*a + 332. Determine b(-1).
-3
Let d(s) = -2*s**3 - 20*s**2 - 3*s - 24. What is d(-10)?
6
Let r(p) = -47*p + 374. Give r(8).
-2
Let z(h) = 356*h**3 - 37*h**2 - 38*h - 2. Give z(-1).
-357
Let l(x) = 56*x**2 + 28*x + 29. Determine l(-1).
57
Let s(y) = -8*y**2 + 143*y - 13. Determine s(18).
-31
Let i(m) = -21*m - 223. What is i(-10)?
-13
Let h(t) = -t**3 + 12*t**2 + 30*t - 454. Give h(7).
1
Let j(m) = 101*m + 13188. Calculate j(-130).
58
Let d(s) = -s - 7. Give d(17).
-24
Let m(f) = f**2 + 123*f - 3178. Determine m(-145).
12
Let h(a) = 42*a - 4158. What is h(99)?
0
Let x(a) = 13*a**3 - 37*a**2 + 5*a - 31. Give x(3).
2
Let i(t) = -t**3 + 25*t**2 + 149*t + 19. Give i(30).
-11
Let g(n) = 368*n - 3272. Give g(10).
408
Let l(m) = -129*m - 163. What is l(-3)?
224
Let f(y) = y**3 - 3*y**2 + 3*y - 3. Determine f(2).
-1
Let m(q) = q**3 - 11*q**2 + 103*q - 355. What is m(5)?
10
Let c(j) = -2*j**2 + 24*j + 116. Give c(15).
26
Let r(k) = -k**